{"id":242,"date":"2025-04-06T19:28:10","date_gmt":"2025-04-06T17:28:10","guid":{"rendered":"https:\/\/pflege-nowacki.de\/?page_id=242"},"modified":"2025-08-25T21:16:48","modified_gmt":"2025-08-25T19:16:48","slug":"ueber-uns","status":"publish","type":"page","link":"https:\/\/pflege-nowacki.de\/index.php\/ueber-uns\/","title":{"rendered":"\u00dcber Uns"},"content":{"rendered":"<div data-colibri-id=\"242-c1\" class=\"style-356 style-local-242-c1 position-relative\">\n  <!---->\n  <div data-colibri-component=\"section\" data-colibri-id=\"242-c2\" id=\"custom\" class=\"h-section h-section-global-spacing d-flex align-items-lg-center align-items-md-center align-items-center style-357 style-local-242-c2 position-relative\">\n    <!---->\n    <!---->\n    <div class=\"h-section-grid-container h-section-boxed-container\">\n      <!---->\n      <div data-colibri-id=\"242-c3\" class=\"h-row-container gutters-row-lg-2 gutters-row-md-2 gutters-row-0 gutters-row-v-lg-2 gutters-row-v-md-2 gutters-row-v-2 style-358 style-local-242-c3 position-relative\">\n        <!---->\n        <div class=\"h-row justify-content-lg-center justify-content-md-center justify-content-center align-items-lg-stretch align-items-md-stretch align-items-stretch gutters-col-lg-2 gutters-col-md-2 gutters-col-0 gutters-col-v-lg-2 gutters-col-v-md-2 gutters-col-v-2\">\n          <!---->\n          <div class=\"h-column h-column-container d-flex h-col-lg-auto h-col-md-auto h-col-auto style-359-outer style-local-242-c4-outer\">\n            <div data-colibri-id=\"242-c4\" class=\"d-flex h-flex-basis h-column__inner h-px-lg-2 h-px-md-2 h-px-2 v-inner-lg-2 v-inner-md-2 v-inner-2 style-359 style-local-242-c4 position-relative\">\n              <!---->\n              <!---->\n              <div class=\"w-100 h-y-container h-column__content h-column__v-align flex-basis-100 align-self-lg-start align-self-md-start align-self-start\">\n                <!---->\n                <div data-colibri-id=\"242-c5\" class=\"d-block style-362 style-local-242-c5 position-relative h-element\">\n                  <!---->\n                  <div class=\"h-image__frame-container-outer\">\n                    <div class=\"h-image__frame-container\">\n                      <!---->\n                      <!---->\n                      <img loading=\"lazy\" decoding=\"async\" width=\"588\" height=\"471\" src=\"https:\/\/pflege-nowacki.de\/wp-content\/uploads\/2025\/08\/darius-nowacki-1.jpg\" class=\"wp-image-1010 style-362-image style-local-242-c5-image\" alt=\"\" srcset=\"https:\/\/pflege-nowacki.de\/wp-content\/uploads\/2025\/08\/darius-nowacki-1.jpg 588w, https:\/\/pflege-nowacki.de\/wp-content\/uploads\/2025\/08\/darius-nowacki-1-300x240.jpg 300w\" sizes=\"auto, (max-width: 588px) 100vw, 588px\" \/>\n                      <div class=\"h-image__frame h-hide-lg h-hide-md h-hide-sm style-362-frameImage style-local-242-c5-frameImage\"><\/div>\n                    <\/div>\n                  <\/div>\n                <\/div>\n              <\/div>\n            <\/div>\n          <\/div>\n          <div class=\"h-column h-column-container d-flex h-col-lg-auto h-col-md-auto h-col-auto style-360-outer style-local-242-c6-outer\">\n            <div data-colibri-id=\"242-c6\" class=\"d-flex h-flex-basis h-column__inner h-px-lg-2 h-px-md-2 h-px-2 v-inner-lg-2 v-inner-md-2 v-inner-2 style-360 style-local-242-c6 position-relative\">\n              <!---->\n              <!---->\n              <div class=\"w-100 h-y-container h-column__content h-column__v-align flex-basis-100 align-self-lg-center align-self-md-center align-self-center\">\n                <!---->\n                <div data-colibri-id=\"242-c7\" class=\"h-text h-text-component style-361 style-local-242-c7 justified position-relative h-element\">\n                  <!---->\n                  <!---->\n                  <div class=\"\">\n                    <p>Ich bin Darius Nowacki &#8211; geboren 1967 &#8211; und habe mehr als 25 Jahre Erfahrung in der ambulanten und station\u00e4ren Pflege. Seit mehr als 15 Jahren bin ich als selbstst\u00e4ndiger, zertifizierter Pflegegutachter t\u00e4tig.<\/p>\n                  <\/div>\n                <\/div>\n              <\/div>\n            <\/div>\n          <\/div>\n        <\/div>\n      <\/div>\n    <\/div>\n  <\/div>\n  <div data-colibri-component=\"section\" data-colibri-id=\"242-c8\" id=\"custom-2\" class=\"h-section h-section-global-spacing d-flex align-items-lg-center align-items-md-center align-items-center style-363 style-local-242-c8 position-relative\">\n    <!---->\n    <!---->\n    <div class=\"h-section-grid-container h-section-boxed-container\">\n      <!---->\n      <div data-colibri-id=\"242-c9\" class=\"h-row-container gutters-row-lg-2 gutters-row-md-2 gutters-row-0 gutters-row-v-lg-2 gutters-row-v-md-2 gutters-row-v-2 style-364 style-local-242-c9 position-relative\">\n        <!---->\n        <div class=\"h-row justify-content-lg-center justify-content-md-center justify-content-center align-items-lg-stretch align-items-md-stretch align-items-stretch gutters-col-lg-2 gutters-col-md-2 gutters-col-0 gutters-col-v-lg-2 gutters-col-v-md-2 gutters-col-v-2\">\n          <!---->\n          <div class=\"h-column h-column-container d-flex h-col-lg-auto h-col-md-auto h-col-auto style-365-outer style-local-242-c10-outer\">\n            <div data-colibri-id=\"242-c10\" class=\"d-flex h-flex-basis h-column__inner h-px-lg-2 h-px-md-2 h-px-2 v-inner-lg-2 v-inner-md-2 v-inner-2 style-365 style-local-242-c10 position-relative\">\n              <!---->\n              <!---->\n              <div class=\"w-100 h-y-container h-column__content h-column__v-align flex-basis-100 align-self-lg-start align-self-md-start align-self-start\">\n                <!---->\n                <div data-colibri-id=\"242-c11\" class=\"h-text h-text-component style-366 style-local-242-c11 position-relative h-element\">\n                  <!---->\n                  <!---->\n                  <div class=\"\">\n                    <h4>Berufliche Qualifikation:<\/h4>\n                    <p class=\"ql-indent-1\">\u2022&nbsp;&nbsp;&nbsp;&nbsp;&nbsp;Examinierte Pflegefachkraft mit Spezialisierung in Pflegebegutachtung<\/p>\n                    <p class=\"ql-indent-1\">\u2022&nbsp;&nbsp;&nbsp;&nbsp;&nbsp;Weiterbildung im Bereich Pflegeberatung nach \u00a7 7a SGB XI<\/p>\n                    <p class=\"ql-indent-1\">\u2022&nbsp;&nbsp;&nbsp;&nbsp;&nbsp;Zertifizierter Pflegegutachter<\/p>\n                    <p class=\"ql-indent-1\">\u2022&nbsp; &nbsp; &nbsp;Weiterbildung zum Stationsleiter und Pflegedienstleiter<\/p>\n                  <\/div>\n                <\/div>\n                <div data-colibri-id=\"242-c12\" class=\"h-text h-text-component style-368 style-local-242-c12 position-relative h-element\">\n                  <!---->\n                  <!---->\n                  <div class=\"\">\n                    <h4>Zus\u00e4tzliche Qualifikationen:<\/h4>\n                    <p class=\"ql-indent-1\">\u2022&nbsp;&nbsp;&nbsp;&nbsp;&nbsp;Fortbildung in geriatrischer Pflege und Demenzberatung<\/p>\n                    <p class=\"ql-indent-1\">\u2022&nbsp;&nbsp;&nbsp;&nbsp;&nbsp;Weiterbildung im Bereich Wundmanagement und Dekubitusprophylaxe<\/p>\n                    <p class=\"ql-indent-1\">\u2022&nbsp;&nbsp;&nbsp;&nbsp;&nbsp;Schulungen zu rechtlichen Grundlagen der Pflegebegutachtung<\/p>\n                    <p class=\"ql-indent-1\">\u2022&nbsp;&nbsp;&nbsp;&nbsp;&nbsp;Erfahrung in der Schulung von Pflegekr\u00e4ften und Angeh\u00f6rigen<\/p>\n                  <\/div>\n                <\/div>\n                <div data-colibri-id=\"242-c13\" class=\"h-text h-text-component style-367 style-local-242-c13 position-relative h-element\">\n                  <!---->\n                  <!---->\n                  <div class=\"\">\n                    <h4>Berufserfahrung:<\/h4>\n                    <p><span style=\"font-weight: 600;\">\u2022&nbsp;&nbsp;&nbsp;&nbsp;&nbsp;Seit 2010: Selbstst\u00e4ndiger Pflegegutachter<\/span><\/p>\n                    <p class=\"ql-indent-1\">\u2022&nbsp;&nbsp;&nbsp;&nbsp;&nbsp;Erstellung von Pflegegutachten zur Feststellung von Pflegegraden<\/p>\n                    <p class=\"ql-indent-1\">\u2022&nbsp;&nbsp;&nbsp;&nbsp;&nbsp;Erstellung von sozialmedizinischen Gutachten zu Pflegebed\u00fcrftigkeit, Mobilit\u00e4tseinschr\u00e4nkungen und Behandlungspflege<\/p>\n                    <p class=\"ql-indent-1\">\u2022&nbsp;&nbsp;&nbsp;&nbsp;&nbsp;Begutachtung und Beratung bei Dekubitus-Erkrankungen und deren Auswirkungen auf die Pflegebed\u00fcrftigkeit<\/p>\n                    <p class=\"ql-indent-1\">\u2022&nbsp;&nbsp;&nbsp;&nbsp;&nbsp;Gutachten zu Widerspruchsverfahren gegen Pflegegradeinstufungen und abgelehnte Pflegeleistungen<\/p>\n                    <p class=\"ql-indent-1\">\u2022&nbsp;&nbsp;&nbsp;&nbsp;&nbsp;Beratung von Pflegebed\u00fcrftigen und Angeh\u00f6rigen zu Leistungsanspr\u00fcchen nach SGB XI und SGB V<\/p>\n                    <p class=\"ql-indent-1\">\u2022&nbsp;&nbsp;&nbsp;&nbsp;&nbsp;Unterst\u00fctzung bei Antr\u00e4gen auf H\u00f6herstufung der Pflegegrade<\/p>\n                    <p class=\"ql-indent-1\">\n                      <br>\n                    <\/p>\n                    <p><span style=\"font-weight: 600;\">\u2022&nbsp;&nbsp;&nbsp;&nbsp;&nbsp;Seit 2012: Dozent an Pflegeschulen in M\u00fcnchen und Regensburg<\/span><\/p>\n                    <p class=\"ql-indent-1\">\u2022&nbsp;&nbsp;&nbsp;&nbsp;&nbsp;Unterricht in den Bereichen Pflegebegutachtung, Sozialmedizin und Wundmanagement<\/p>\n                    <p class=\"ql-indent-1\">\u2022&nbsp;&nbsp;&nbsp;&nbsp;&nbsp;Schulung von Pflegekr\u00e4ften zu rechtlichen Grundlagen der Pflegeversicherung<\/p>\n                    <p class=\"ql-indent-1\">\u2022&nbsp;&nbsp;&nbsp;&nbsp;&nbsp;Vermittlung von praxisnahen Fallbeispielen zur Pflegegrad-Begutachtung und Widerspruchsverfahren<\/p>\n                    <p>\n                      <br>\n                    <\/p>\n                    <p><span style=\"font-weight: 600;\">\u2022&nbsp;&nbsp;&nbsp;&nbsp;&nbsp;Seit 2000: T\u00e4tigkeit als Pflegefachkraft in der ambulanten\/station\u00e4ren Pflege<\/span><\/p>\n                    <p class=\"ql-indent-1\">\u2022&nbsp;&nbsp;&nbsp;&nbsp;&nbsp;Betreuung und Pflege von Menschen mit verschiedenen Pflegegraden<\/p>\n                    <p class=\"ql-indent-1\">\u2022&nbsp;&nbsp;&nbsp;&nbsp;&nbsp;Organisation und Koordination von Pflegema\u00dfnahmen<\/p>\n                    <p class=\"ql-indent-1\">\u2022&nbsp;&nbsp;&nbsp;&nbsp;&nbsp;Spezialisierung auf Wundmanagement und Behandlung chronischer Wunden, insbesondere Dekubitus-Therapie<\/p>\n                  <\/div>\n                <\/div>\n                <div data-colibri-id=\"242-c14\" class=\"h-text h-text-component style-369 style-local-242-c14 position-relative h-element\">\n                  <!---->\n                  <!---->\n                  <div class=\"\">\n                    <h4>Sonstiges:<\/h4>\n                    <p class=\"ql-indent-1\">\u2022&nbsp;&nbsp;&nbsp;&nbsp;&nbsp;Empathische und l\u00f6sungsorientierte Beratungskompetenz<\/p>\n                    <p class=\"ql-indent-1\">\u2022&nbsp;&nbsp;&nbsp;&nbsp;&nbsp;Umfassendes Wissen im Bereich Pflegeversicherung und Sozialrecht<\/p>\n                    <p class=\"ql-indent-1\">\u2022&nbsp;&nbsp;&nbsp;&nbsp;&nbsp;Erfahrung in interdisziplin\u00e4rer Zusammenarbeit mit \u00c4rzten, Therapeuten und Pflegediensten<\/p>\n                  <\/div>\n                <\/div>\n              <\/div>\n            <\/div>\n          <\/div>\n        <\/div>\n      <\/div>\n    <\/div>\n  <\/div>\n<\/div>","protected":false},"excerpt":{"rendered":"<p>Ich bin Darius Nowacki &#8211; geboren 1967 &#8211; und habe mehr als 25 Jahre Erfahrung in der ambulanten und station\u00e4ren Pflege. Seit mehr als 15 Jahren bin ich als selbstst\u00e4ndiger, zertifizierter Pflegegutachter t\u00e4tig. Berufliche Qualifikation: \u2022&nbsp;&nbsp;&nbsp;&nbsp;&nbsp;Examinierte Pflegefachkraft mit Spezialisierung in Pflegebegutachtung \u2022&nbsp;&nbsp;&nbsp;&nbsp;&nbsp;Weiterbildung im Bereich Pflegeberatung nach \u00a7 7a SGB XI \u2022&nbsp;&nbsp;&nbsp;&nbsp;&nbsp;Zertifizierter Pflegegutachter \u2022&nbsp; &nbsp; &nbsp;Weiterbildung [&hellip;]<\/p>\n","protected":false},"author":1,"featured_media":0,"parent":0,"menu_order":0,"comment_status":"closed","ping_status":"closed","template":"page-templates\/full-width-page.php","meta":{"footnotes":""},"class_list":["post-242","page","type-page","status-publish","hentry"],"_links":{"self":[{"href":"https:\/\/pflege-nowacki.de\/index.php\/wp-json\/wp\/v2\/pages\/242","targetHints":{"allow":["GET"]}}],"collection":[{"href":"https:\/\/pflege-nowacki.de\/index.php\/wp-json\/wp\/v2\/pages"}],"about":[{"href":"https:\/\/pflege-nowacki.de\/index.php\/wp-json\/wp\/v2\/types\/page"}],"author":[{"embeddable":true,"href":"https:\/\/pflege-nowacki.de\/index.php\/wp-json\/wp\/v2\/users\/1"}],"replies":[{"embeddable":true,"href":"https:\/\/pflege-nowacki.de\/index.php\/wp-json\/wp\/v2\/comments?post=242"}],"version-history":[{"count":11,"href":"https:\/\/pflege-nowacki.de\/index.php\/wp-json\/wp\/v2\/pages\/242\/revisions"}],"predecessor-version":[{"id":1042,"href":"https:\/\/pflege-nowacki.de\/index.php\/wp-json\/wp\/v2\/pages\/242\/revisions\/1042"}],"wp:attachment":[{"href":"https:\/\/pflege-nowacki.de\/index.php\/wp-json\/wp\/v2\/media?parent=242"}],"curies":[{"name":"wp","href":"https:\/\/api.w.org\/{rel}","templated":true}]}}